{"id":16593,"date":"2024-05-23T01:02:23","date_gmt":"2024-05-23T01:02:23","guid":{"rendered":"https:\/\/hygienewaste.co.za\/?post_type=product&#038;p=16593"},"modified":"2026-01-23T04:36:37","modified_gmt":"2026-01-23T04:36:37","slug":"sporty-alu-wheelchair-18-46cm-3","status":"publish","type":"product","link":"https:\/\/hygienewaste.co.za\/?product=sporty-alu-wheelchair-18-46cm-3","title":{"rendered":"Digital Baby Clinic Scale \u00d1 Ms3500"},"content":{"rendered":"","protected":false},"excerpt":{"rendered":"<p>Digital Baby Scale, sleek and smooth design for baby\u00eds comfort. Ultra slim platform design. Light weight and accuracy. Measure your baby without tray or with tray.<\/p>\n<p>Specifications:<\/p>\n<p>MODEL:&nbsp;&nbsp; &nbsp;MS3500<br \/>Capacity&nbsp;&nbsp; &nbsp;0 \u00f1 20kg<br \/>0 \u00f1 10kg \u00f15g10 \u00f1 20kg \u00f1 10g<br \/>Dimensions&nbsp;&nbsp; &nbsp;Base:&nbsp; 340(w) x 330(d) x 50mm (h)Tray:&nbsp; 585 (w) x 280 (d) x 120mm (h)<br \/>Accuracy&nbsp;&nbsp; &nbsp;\u00b1 7.5g &lt;10kg &gt; \u00b1 15g<br \/>Tray&nbsp;&nbsp; &nbsp;Yes<br \/>Units of Measure&nbsp;&nbsp; &nbsp;Kg\/lb<br \/>Function Keys&nbsp;&nbsp; &nbsp;ON\/ZERO\/OFF, UNIT, HOLD<br \/>Stabilisation Time&nbsp;&nbsp; &nbsp;1-2 Seconds<br \/>Operating Temperature&nbsp;&nbsp; &nbsp;5\u221eC \/ 35\u221eC<br \/>Power Supply&nbsp;&nbsp; &nbsp;9V Alkaline Battery (not included with unit) \/ AC Adaptor<br \/>Indicator Display&nbsp;&nbsp; &nbsp;1.0&nbsp; LCD Display with 5 active digits.<br \/>Quality Standard&nbsp;&nbsp; &nbsp;CE<\/p>\n","protected":false},"featured_media":52407,"template":"","meta":{"content-type":""},"product_brand":[],"product_cat":[5567],"product_tag":[15846],"class_list":{"0":"post-16593","1":"product","2":"type-product","3":"status-publish","4":"has-post-thumbnail","6":"product_cat-scales","7":"product_tag-scales","9":"first","10":"instock","11":"shipping-taxable","12":"purchasable","13":"product-type-simple"},"jetpack_sharing_enabled":true,"_links":{"self":[{"href":"https:\/\/hygienewaste.co.za\/index.php?rest_route=\/wp\/v2\/product\/16593","targetHints":{"allow":["GET"]}}],"collection":[{"href":"https:\/\/hygienewaste.co.za\/index.php?rest_route=\/wp\/v2\/product"}],"about":[{"href":"https:\/\/hygienewaste.co.za\/index.php?rest_route=\/wp\/v2\/types\/product"}],"wp:featuredmedia":[{"embeddable":true,"href":"https:\/\/hygienewaste.co.za\/index.php?rest_route=\/wp\/v2\/media\/52407"}],"wp:attachment":[{"href":"https:\/\/hygienewaste.co.za\/index.php?rest_route=%2Fwp%2Fv2%2Fmedia&parent=16593"}],"wp:term":[{"taxonomy":"product_brand","embeddable":true,"href":"https:\/\/hygienewaste.co.za\/index.php?rest_route=%2Fwp%2Fv2%2Fproduct_brand&post=16593"},{"taxonomy":"product_cat","embeddable":true,"href":"https:\/\/hygienewaste.co.za\/index.php?rest_route=%2Fwp%2Fv2%2Fproduct_cat&post=16593"},{"taxonomy":"product_tag","embeddable":true,"href":"https:\/\/hygienewaste.co.za\/index.php?rest_route=%2Fwp%2Fv2%2Fproduct_tag&post=16593"}],"curies":[{"name":"wp","href":"https:\/\/api.w.org\/{rel}","templated":true}]}}