{"id":59290,"date":"2026-05-01T04:31:07","date_gmt":"2026-05-01T04:31:07","guid":{"rendered":"https:\/\/hygienewaste.co.za\/?post_type=product&#038;p=59290"},"modified":"2026-05-01T04:31:52","modified_gmt":"2026-05-01T04:31:52","slug":"vertical-pulse-vacuum-steam-autoclave","status":"publish","type":"product","link":"https:\/\/hygienewaste.co.za\/?product=vertical-pulse-vacuum-steam-autoclave","title":{"rendered":"Vertical Pulse Vacuum Steam Autoclave"},"content":{"rendered":"<h2>Vertical Pulse Vacuum Steam Autoclave<\/h2>\n<ul>\n<p>These Vertical Autoclave are well known for their durability, high Performance and as a trusted brand<\/p>\n<li>Vertical Pulse Vacuum Steam Autoclave is suitable for use in sterilisation applications where higher requirements for sterilisation results are required.<\/li>\n<\/ul>\n<h2><strong>Vertical Pulse Vacuum Steam Autoclave Features:<\/strong><\/h2>\n<ol>\n<li>The handwheel panning and quick-open structure allow you to operate the machine quickly,<\/li>\n<li>and the microcomputer automatic control allows you to set any parameters.<\/li>\n<li>The operation is very flexible.<\/li>\n<li>Three times pre-evacuation<\/li>\n<li>Equipped with stainless steel drum or basket, high-quality stainless steel matrial, good corrosion resistance<\/li>\n<li>LED touchscreen display and standard test interface, easy and fast to set and view the sterilization parameters.<\/li>\n<li>Self-expanding seal<\/li>\n<li>With a drying function and external steam generator, cold air is automatically vented and steam is automatically discharged after sterilization.<\/li>\n<li>Safety interlocks for safe operation with automatic protection functions:Over-temperature protection.Over-pressure self-discharge protection.Low water level protection.Automatic water to prevent dry burning.Buzzer reminder after sterilization and automatic shutdown.<\/li>\n<\/ol>\n<h2><strong>Vertical Pulse Vacuum Steam Autoclave Specifications:<\/strong><\/h2>\n<table>\n<tbody>\n<tr>\n<td>Model<\/td>\n<td>ST-V35PVM<\/td>\n<td>ST-V50PVM<\/td>\n<td>ST-V75PVM<\/td>\n<td>ST-V100PVM<\/td>\n<\/tr>\n<tr>\n<td>Volume<\/td>\n<td>35L<\/td>\n<td>50L<\/td>\n<td>75L<\/td>\n<td>100L<\/td>\n<\/tr>\n<tr>\n<td>Power<\/td>\n<td>3.5kW<\/td>\n<td>3.5kW<\/td>\n<td>4.5kW<\/td>\n<td>4.5kW<\/td>\n<\/tr>\n<tr>\n<td>Voltage<\/td>\n<td>AC 220V, 50HZ<\/td>\n<\/tr>\n<tr>\n<td>Design Pressure<\/td>\n<td>0.25Mpa<\/td>\n<\/tr>\n<tr>\n<td>Design Temperature<\/td>\n<td>139\u2103<\/td>\n<\/tr>\n<tr>\n<td>Rated Working Pressure<\/td>\n<td>0.22Mpa<\/td>\n<\/tr>\n<tr>\n<td>Rated Working Temperature<\/td>\n<td>134\u2103<\/td>\n<\/tr>\n<tr>\n<td>Sterilization Temperature<\/td>\n<td>116\u2103~134\u2103<\/td>\n<\/tr>\n<tr>\n<td>Sterilization Time Setting Range<\/td>\n<td>4~120 min<\/td>\n<\/tr>\n<tr>\n<td>Temp Accuracy<\/td>\n<td>\u00b11\u2103<\/td>\n<\/tr>\n<tr>\n<td>Drying Time Setting Range<\/td>\n<td>0~240min<\/td>\n<\/tr>\n<tr>\n<td>Chamber Size (mm)<\/td>\n<td>\u00d8350\u00d7400<\/td>\n<td>\u00d8400\u00d7505<\/td>\n<td>\u00d8400\u00d7655<\/td>\n<td>\u00d8450\u00d7650<\/td>\n<\/tr>\n<tr>\n<td>Bucket Size<\/td>\n<td>\u00d8330\u00d7320<\/td>\n<td>\u00d8380\u00d7430<\/td>\n<td>\u00d8380\u00d7560<\/td>\n<td>\u00d8420\u00d7540<\/td>\n<\/tr>\n<tr>\n<td>Basket Size (optional)<\/td>\n<td>\u00d8320\u00d7350<\/td>\n<td>\u00d8360\u00d7280\u00d71<\/td>\n<td>\u00d8360\u00d7280\u00d72<\/td>\n<td>\u00d8410\u00d7300\u00d72<\/td>\n<\/tr>\n<tr>\n<td>Sizes(W\u00d7D\u00d7H)(mm)<\/td>\n<td>698\u00d7498\u00d7940<\/td>\n<td>630\u00d7500\u00d71180<\/td>\n<td>725\u00d7525\u00d71180<\/td>\n<td>760\u00d7560\u00d71260<\/td>\n<\/tr>\n<tr>\n<td>Shipping Size <\/p>\n<p>(W\u00d7D\u00d7H)(mm)<\/p>\n<\/td>\n<td>790x610x1130<\/td>\n<td>800x600x1230<\/td>\n<td>840x610x1310<\/td>\n<td>870x650x1380<\/td>\n<\/tr>\n<tr>\n<td>N.W.\/G.W. (kg)<\/td>\n<td>115\/130<\/td>\n<td>118\/138<\/td>\n<td>124\/150<\/td>\n<td>132\/160<\/td>\n<\/tr>\n<\/tbody>\n<\/table>\n<ul>\n<li>Vertical Pulse Vacuum Steam Autoclave<\/li>\n<\/ul>\n<p>Vertical Pulse Vacuum Autoclave<\/p>\n","protected":false},"excerpt":{"rendered":"<h2>Vertical Pulse Vacuum Steam Autoclave<\/h2>\n<ul>\n<p>These Vertical Autoclave are well known for their durability, high Performance and as a trusted brand<\/p>\n<li>Vertical Pulse Vacuum Steam Autoclave is suitable for use in sterilisation applications where higher requirements for sterilisation results are required.<\/li>\n<\/ul>\n<h2><strong>Vertical Pulse Vacuum Steam Autoclave Features:<\/strong><\/h2>\n<ol>\n<li>The handwheel panning and quick-open structure allow you to operate the machine quickly,<\/li>\n<li>and the microcomputer automatic control allows you to set any parameters.<\/li>\n<li>The operation is very flexible.<\/li>\n<li>Three times pre-evacuation<\/li>\n<li>Equipped with stainless steel drum or basket, high-quality stainless steel matrial, good corrosion resistance<\/li>\n<li>LED touchscreen display and standard test interface, easy and fast to set and view the sterilization parameters.<\/li>\n<li>Self-expanding seal<\/li>\n<li>With a drying function and external steam generator, cold air is automatically vented and steam is automatically discharged after sterilization.<\/li>\n<li>Safety interlocks for safe operation with automatic protection functions:Over-temperature protection.Over-pressure self-discharge protection.Low water level protection.Automatic water to prevent dry burning.Buzzer reminder after sterilization and automatic shutdown.<\/li>\n<\/ol>\n<h2><strong>Vertical Pulse Vacuum Steam Autoclave Specifications:<\/strong><\/h2>\n<table>\n<tbody>\n<tr>\n<td>Model<\/td>\n<td>ST-V35PVM<\/td>\n<td>ST-V50PVM<\/td>\n<td>ST-V75PVM<\/td>\n<td>ST-V100PVM<\/td>\n<\/tr>\n<tr>\n<td>Volume<\/td>\n<td>35L<\/td>\n<td>50L<\/td>\n<td>75L<\/td>\n<td>100L<\/td>\n<\/tr>\n<tr>\n<td>Power<\/td>\n<td>3.5kW<\/td>\n<td>3.5kW<\/td>\n<td>4.5kW<\/td>\n<td>4.5kW<\/td>\n<\/tr>\n<tr>\n<td>Voltage<\/td>\n<td>AC 220V, 50HZ<\/td>\n<\/tr>\n<tr>\n<td>Design Pressure<\/td>\n<td>0.25Mpa<\/td>\n<\/tr>\n<tr>\n<td>Design Temperature<\/td>\n<td>139\u2103<\/td>\n<\/tr>\n<tr>\n<td>Rated Working Pressure<\/td>\n<td>0.22Mpa<\/td>\n<\/tr>\n<tr>\n<td>Rated Working Temperature<\/td>\n<td>134\u2103<\/td>\n<\/tr>\n<tr>\n<td>Sterilization Temperature<\/td>\n<td>116\u2103~134\u2103<\/td>\n<\/tr>\n<tr>\n<td>Sterilization Time Setting Range<\/td>\n<td>4~120 min<\/td>\n<\/tr>\n<tr>\n<td>Temp Accuracy<\/td>\n<td>\u00b11\u2103<\/td>\n<\/tr>\n<tr>\n<td>Drying Time Setting Range<\/td>\n<td>0~240min<\/td>\n<\/tr>\n<tr>\n<td>Chamber Size (mm)<\/td>\n<td>\u00d8350\u00d7400<\/td>\n<td>\u00d8400\u00d7505<\/td>\n<td>\u00d8400\u00d7655<\/td>\n<td>\u00d8450\u00d7650<\/td>\n<\/tr>\n<tr>\n<td>Bucket Size<\/td>\n<td>\u00d8330\u00d7320<\/td>\n<td>\u00d8380\u00d7430<\/td>\n<td>\u00d8380\u00d7560<\/td>\n<td>\u00d8420\u00d7540<\/td>\n<\/tr>\n<tr>\n<td>Basket Size (optional)<\/td>\n<td>\u00d8320\u00d7350<\/td>\n<td>\u00d8360\u00d7280\u00d71<\/td>\n<td>\u00d8360\u00d7280\u00d72<\/td>\n<td>\u00d8410\u00d7300\u00d72<\/td>\n<\/tr>\n<tr>\n<td>Sizes(W\u00d7D\u00d7H)(mm)<\/td>\n<td>698\u00d7498\u00d7940<\/td>\n<td>630\u00d7500\u00d71180<\/td>\n<td>725\u00d7525\u00d71180<\/td>\n<td>760\u00d7560\u00d71260<\/td>\n<\/tr>\n<tr>\n<td>Shipping Size <\/p>\n<p>(W\u00d7D\u00d7H)(mm)<\/p>\n<\/td>\n<td>790x610x1130<\/td>\n<td>800x600x1230<\/td>\n<td>840x610x1310<\/td>\n<td>870x650x1380<\/td>\n<\/tr>\n<tr>\n<td>N.W.\/G.W. (kg)<\/td>\n<td>115\/130<\/td>\n<td>118\/138<\/td>\n<td>124\/150<\/td>\n<td>132\/160<\/td>\n<\/tr>\n<\/tbody>\n<\/table>\n<ul>\n<li>Vertical Pulse Vacuum Steam Autoclave<\/li>\n<\/ul>\n<p>Vertical Pulse Vacuum Autoclave<\/p>\n","protected":false},"featured_media":59356,"template":"","meta":{"content-type":""},"product_brand":[],"product_cat":[13165],"product_tag":[25388],"class_list":{"0":"post-59290","1":"product","2":"type-product","3":"status-publish","4":"has-post-thumbnail","6":"product_cat-autoclaves-2","7":"product_tag-vertical-pulse-vacuum-steam-autoclave","9":"first","10":"instock","11":"shipping-taxable","12":"purchasable","13":"product-type-simple"},"jetpack_sharing_enabled":true,"_links":{"self":[{"href":"https:\/\/hygienewaste.co.za\/index.php?rest_route=\/wp\/v2\/product\/59290","targetHints":{"allow":["GET"]}}],"collection":[{"href":"https:\/\/hygienewaste.co.za\/index.php?rest_route=\/wp\/v2\/product"}],"about":[{"href":"https:\/\/hygienewaste.co.za\/index.php?rest_route=\/wp\/v2\/types\/product"}],"wp:featuredmedia":[{"embeddable":true,"href":"https:\/\/hygienewaste.co.za\/index.php?rest_route=\/wp\/v2\/media\/59356"}],"wp:attachment":[{"href":"https:\/\/hygienewaste.co.za\/index.php?rest_route=%2Fwp%2Fv2%2Fmedia&parent=59290"}],"wp:term":[{"taxonomy":"product_brand","embeddable":true,"href":"https:\/\/hygienewaste.co.za\/index.php?rest_route=%2Fwp%2Fv2%2Fproduct_brand&post=59290"},{"taxonomy":"product_cat","embeddable":true,"href":"https:\/\/hygienewaste.co.za\/index.php?rest_route=%2Fwp%2Fv2%2Fproduct_cat&post=59290"},{"taxonomy":"product_tag","embeddable":true,"href":"https:\/\/hygienewaste.co.za\/index.php?rest_route=%2Fwp%2Fv2%2Fproduct_tag&post=59290"}],"curies":[{"name":"wp","href":"https:\/\/api.w.org\/{rel}","templated":true}]}}